-11 - (10 + 6163)) is divided by 6?
2
What is the remainder when 775 is divided by (-15213)/(-891) - (-4)/(-54)?
10
Let s = 187 - 178. Suppose -2*d + 48 = -14. Calculate the remainder when d is divided by s.
4
Suppose 0 = -48*c - 33 + 2577. Calculate the remainder when 307/1 - 6/(-2) is divided by c.
45
Let v = -9842 + 9860. Calculate the remainder when 246 is divided by v.
12
Let b(a) = a**3 - 24*a**2 - a + 31. Let g = -353 + 377. Calculate the remainder when 60 is divided by b(g).
4
What is the remainder when 1398 is divided by 1590/9 + 2 - 20/(-60)?
145
Let d(a) = 2*a**3 + 41*a**2 - 132*a + 10. What is the remainder when d(-23) is divided by 54?
23
Let c(y) = y**3 + 18*y**2 + 41*y + 235. What is the remainder when c(-16) is divided by 19?
15
Let m(k) = k**2 + 10*k + 7. Let r(y) = -12*y**2 + 1. Let l be r(-1). Let f be m(l). Calculate the remainder when 3 + (-3)/1*(-84)/f is divided by 5.
2
Let q = 5435 - 5411. Let g = -30 - -87. Calculate the remainder when g is divided by q.
9
Let l(r) = -2*r**3 - r**2 + r - 1. Let k be l(-2). Suppose -u + k*u = -0*u. Suppose 0 = s - u*s - 8. What is the remainder when 17 is divided by s?
1
Let g(q) = -11*q - 1. Let u be g(-1). Let d = u + -5. Suppose -d*b + 3 + 42 = 0. What is the remainder when b is divided by 3?
0
Let i = -904 + 1047. Suppose 31*h - 732 = -i. Let j(o) = -26*o - 3. What is the remainder when j(-2) is divided by h?
11
Suppose -104*l - 157*l + 110189 = -10*l. Calculate the remainder when 883 is divided by l.
5
Let d(g) = 3*g. Let h = 226 + -317. Let k = h + 131. What is the remainder when k is divided by d(7)?
19
Let w(x) = -x + 71. Suppose 266 + 125 = 23*b. What is the remainder when 207 is divided by w(b)?
45
Suppose 317*c = 311*c + 948. Suppose u - 10 = -5*r, 3*r = -4 - 2. What is the remainder when c is divided by u?
18
Calculate the remainder when (-2)/(-18) - ((-20531)/63 + 4) is divided by 25.
22
Suppose 4*i - 5*l = 87, -582*l = 5*i - 585*l - 112. Calculate the remainder when 2251 is divided by i.
20
Let z(p) = p - 3. Let o be z(3). Suppose -s + 21 = -o*s. Let d(f) = 9*f - 5. Calculate the remainder when d(12) is divided by s.
19
Suppose 2*g + 2*g - 216 = -5*b, 4 = g. Let z(k) = -4*k**2 + 75*k - k**3 - 34*k - 7 - b*k. What is the remainder when z(-5) is divided by 7?
6
Suppose 4*b - 58008 = -4*v, 3*v + 0*b = 3*b + 43488. What is the remainder when v is divided by 14?
9
Calculate the remainder when 1 + (-10)/40*-1712 is divided by 130.
39
Let p(n) = 6*n**2 - 28*n - 108. Calculate the remainder when p(-7) is divided by 381.
1
Let m be 1*3 + 390/(120/12). Suppose -u + 3*p + 14 = -0, -u - 4*p + m = 0. What is the remainder when 26 is divided by u?
0
Let n = -538 - -556. What is the remainder when 31 is divided by n?
13
Let s(w) = -w**2 + 3*w + 468. What is the remainder when 206 is divided by s(23)?
6
Let y(p) = 185*p**2 - 11*p - 17. What is the remainder when 200 is divided by y(-1)?
21
Suppose -1358 = -6*p - p. Suppose -23*b = -p - 1531. Calculate the remainder when 371 is divided by b.
71
Let w = 55 - 112. Let l = w - -71. Suppose l + 16 = v. What is the remainder when v is divided by 16?
14
Let g = 1787 - 922. Suppose -342 = 2*k - 4*j, -5*k - g = -0*k - 5*j. Let o = k - -382. What is the remainder when o is divided by 14?
11
Suppose 0 = 7*c - 669 - 213. Suppose -2*s + c = 46. Calculate the remainder when s is divided by 23.
17
Let c(l) = l + 4. Let j = -274 + 278. Calculate the remainder when 22 is divided by c(j).
6
Let i = -11168 + 11936. Calculate the remainder when i is divided by 86.
80
What is the remainder when 114 is divided by ((-10)/(-50))/(12/(-40)) + 275/3?
23
Calculate the remainder when 15/70*-2 - (-325)/7 is divided by (-512)/(-24)*12/16.
14
Suppose 6*o = 5*p + 5*o - 31, 0 = -3*o - 3. Calculate the remainder when 438 is divided by (-1725)/(-35) + (-1)/(21/p).
46
Let s(v) = -v**3 - 41*v**2 - 299*v - 130. What is the remainder when 3907 is divided by s(-8)?
7
Let c be 0 - (-6 + 7 - 5). Suppose c*q - 60 = 2*f, 5*q + 3*f - 69 = 7*f. What is the remainder when 145 is divided by q?
9
Let w(k) = -k**3 - 14*k**2 - 13*k - 2. Let h be w(-13). Let l = 7 + 9. What is the remainder when 14 is divided by (1 + h)/2 + 40/l?
0
Calculate the remainder when 202/1111 - 1162/(-22) is divided by 27.
26
Suppose -23 = 3*v - 8, 0 = -x - 3*v + 86. Let o = 447 - 293. Let c = o - x. What is the remainder when c is divided by 28?
25
Let v(n) = n**3 - n**2 - 2*n + 6. Let o = 19270 - 19170. Calculate the remainder when o is divided by v(5).
4
Suppose 0 = -5*u + 2 - 47. Let f be u/((-135)/260)*-72. What is the remainder when f/(-36)*(4 - 1) is divided by 35?
34
Let n(i) = -2*i**2 + 141*i + 434. Calculate the remainder when n(61) is divided by 16.
9
What is the remainder when 4756 is divided by -5*(2 - (1 + 144/5)) + 1?
136
Let l(g) = 11*g**3 - 2*g**2 - 2*g + 3. What is the remainder when l(3) is divided by 1/(11/1) - (-1965540)/35156?
52
Suppose 708 = -6*m - 72. Let d be m + 0 + 3*(3 + -2). Let k = d + 190. What is the remainder when k is divided by 11?
8
Let c(u) = -u**2 + 60. Let l be c(0). Let r = l + -38. Suppose 2*a + 24 = 2*o, -o - 1 = 2*a - r. What is the remainder when 69 is divided by o?
9
Suppose 0 = 176*q - 169*q - 329. Let i = -19 - -28. Suppose -p + 3 = -i. What is the remainder when q is divided by p?
11
Let d be (2 + (-30)/9)/(2/(-3)). Suppose -3*g = d*x - 0*g - 17, -x - g = -7. Suppose -x*j - 170 = -510. What is the remainder when j is divided by 22?
19
Suppose 12*t - 35 = 7*t. What is the remainder when (t + 13)/1 - (0 + 1) is divided by 10?
9
Let f(a) = 7*a**2 + 4*a. Let i be f(3). Suppose i + 105 = 4*h - 4*l, 230 = 5*h - 4*l. Calculate the remainder when h is divided by 14.
8
Suppose 0 = -19*f + 1230 + 1240. Calculate the remainder when 291 is divided by f.
31
Let f be (-36)/(-24) - 12/(-8). Suppose -5*v + 55 = f*l, -v = l - 6*l - 11. What is the remainder when 163 is divided by v?
9
Let p(o) = 3*o**3 - 8*o**2 - 8*o + 20. Calculate the remainder when 1137 is divided by p(4).
45
What is the remainder when 768 is divided by ((-1)/(18/20))/(-7 + 1488/216)?
8
Let a be (-2)/9 + (-7280)/(-117). Suppose l + 48 - 7 = 0. Let n = a + l. Calculate the remainder when n is divided by 14.
7
Suppose -1269 = 4*w - f - 3610, -3*w - 2*f + 1764 = 0. Calculate the remainder when w is divided by 58.
6
Let m = -480 + 941. What is the remainder when m is divided by 66?
65
Let y = -2063 + 2130. What is the remainder when y is divided by 50?
17
Let i(l) = 3*l**2 - 33*l - 515. Calculate the remainder when i(-16) is divided by 20.
1
Let n = 75 + -60. Let p = 40 - n. Let g(k) = 2*k**2 + 2*k - 2. What is the remainder when p is divided by g(-3)?
5
Suppose 0 = -2*r - 2, -2*y + r = -5. Suppose 0 = -y*u + c + 4*c - 20, -16 = -4*u - 4*c. What is the remainder when 38 is divided by (-84)/(-8)*(2 + u)?
17
Let k = -443 + 316. Let b = 256 + k. What is the remainder when b is divided by 39?
12
Suppose -a + 2*h + 57 = -2*h, -3*a + 2*h + 181 = 0. Calculate the remainder when a is divided by (-5)/(25/(-153)) + 696/40 + -17.
30
Suppose 0 = -z - 16*z + 221. Suppose 2*n - d - 38 = 0, z*d - 12*d = -3*n + 67. What is the remainder when 25 is divided by n?
4
Suppose -6*q + 606 = -7*q + 3*v, 0 = 5*q - 3*v + 3042. Let t = -576 - q. What is the remainder when 84 is divided by t?
18
Let q be 3/3*(1 - 0). Let r(v) be the third derivative of 143*v**5/60 + v**4/12 - v**3/3 + 122*v**2. Calculate the remainder when r(q) is divided by 16.
15
Let a = -59 - -67. Calculate the remainder when 488/(-6)*(-12)/a is divided by 21.
17
Calculate the remainder when 34*(-1404)/(-143) + 8/44 is divided by 120.
94
Let m be ((-4)/(-2) - 0)*(-17 + 48). Let h = -60 + m. Suppose -h*o + 190 = 4*v, -5*o + 80 = 2*v - 7*o. What is the remainder when v is divided by 12?
9
Let u be (9/(-3) + -162)*(-6)/15. Suppose 3*m - 40*h + 37*h - 258 = 0, -m = 4*h - u. What is the remainder when 405 is divided by m?
77
Let q = -63 - 30. Let c = q + 97. Suppose 5*y - m - 157 = 152, 4*y + c*m = 228. Calculate the remainder when y is divided by 32.
29
What is the remainder when 21/63 - 4120/(-6) - -3 is divided by 17?
10
Suppose 3*v + 2*r + 323 = 0, -28 = -3*r - 13. Let h = 66 + v. What is the remainder when (h/(-6) + -1)*52/2 is divided by 34?
33
Suppose -44*x + 318*x +